eb423
Convert -3845845 (base 11) to base 9.
-13484533
What is -264622 (base 12) in base 2?
-10011001110001111010
Convert 3335303 (base 9) to base 14.
34a256
Convert -489852 (base 10) to base 2.
-1110111100101111100
What is 735c0 (base 14) in base 5?
32401132
Convert 1061463 (base 7) to base 3.
20201221120
Convert 1001110100000000 (base 2) to base 10.
40192
What is 13145 (base 13) in base 14?
cc70
Convert 646214 (base 14) to base 6.
200453030
What is -20135563 (base 9) in base 8?
-44635211
1110022121022 (base 3) to base 16
bcf15
Convert 1049111 (base 11) to base 7.
21441645
315445 (base 8) to base 12
50ab1
What is -12740c (base 15) in base 8?
-3300652
-2aff3 (base 16) to base 6
-3435203
Convert 11122310312 (base 4) to base 15.
1d0db8
What is -224082a (base 12) in base 5?
-3134210022
Convert -32534c (base 16) to base 9.
-6176152
Convert -184c1 (base 13) to base 6.
-1001242
Convert -4357085 (base 11) to base 3.
-112101202120212
-1001011101000110000 (base 2) to base 14
-80c92
What is -115867d (base 14) in base 5?
-4110021204
Convert 44499 (base 12) to base 3.
11121012200
What is 3331202 (base 6) in base 5?
20324344
Convert 2a26f (base 16) to base 10.
172655
Convert 13013521 (base 7) to base 8.
4401024
Convert -340648 (base 11) to base 15.
-aab15
What is -100797 (base 11) in base 10?
-162004
-2121012122 (base 3) to base 16
-c7ee
Convert -7623e (base 16) to base 10.
-483902
What is 95866 (base 12) in base 3?
100222112120
Convert 12111310044 (base 5) to base 6.
1223344334
What is 2441443031 (base 5) in base 10?
5812266
Convert -106703 (base 10) to base 4.
-122003033
Convert 7247 (base 12) to base 16.
3097
100222010212121 (base 3) to base 2
10100001101010110001111
What is -10220212400 (base 5) in base 16?
-a36d4e
Convert 87056 (base 9) to base 10.
57642
What is -a25317 (base 11) in base 2?
-110010010000011101100
Convert 21002311201 (base 4) to base 14.
45a06d
Convert b5bc54 (base 16) to base 7.
203143461
102323020 (base 4) to base 5
4440022
-11210112120 (base 3) to base 11
-64a4a
Convert 100002121011 (base 3) to base 16.
2bb61
1411200 (base 6) to base 4
103113300
Convert 10168034 (base 9) to base 15.
668117
-7602946 (base 10) to base 8
-35001402
Convert 749732 (base 13) to base 16.
29b8d4
-1672756 (base 12) to base 13
-c60a68
Convert a0c20 (base 15) to base 8.
1742064
What is 207834 (base 9) in base 8?
361750
27dc0 (base 14) to base 6
2041112
Convert -186b25 (base 13) to base 3.
-1011020102100
Convert -23214133 (base 6) to base 9.
-1313333
1048c61 (base 16) to base 11
9702a18
Convert 29d86b (base 14) to base 4.
11210020213
Convert -25112335 (base 7) to base 4.
-20212220212
Convert 51065315 (base 7) to base 13.
b5b287
Convert 17161 (base 9) to base 3.
121012001
What is 301333201211 (base 4) in base 2?
110001111111100001100101
246131 (base 9) to base 13
52981
663016 (base 13) to base 3
11112020001021
928516 (base 10) to base 8
3425404
-221224320 (base 6) to base 9
-7443213
Convert -2221120010012 (base 3) to base 10.
-1565978
What is 4240313 (base 8) in base 16?
1140cb
Convert -22253500 (base 6) to base 15.
-d5499
What is -65441 (base 16) in base 7?
-3345200
-1b408 (base 15) to base 4
-111221102
Convert 624b (base 14) to base 12.
9963
-4325200 (base 8) to base 13
-316c86
Convert 2333515 (base 6) to base 4.
131220113
-55042501 (base 6) to base 14
-309301
Convert -11112030202 (base 5) to base 11.
-6997637
-160462625 (base 7) to base 13
-2309855
What is -851a0 (base 15) in base 16?
-6716a
What is -2033233233 (base 4) in base 6?
-20341503
-1530514 (base 7) to base 11
-133150
Convert 4870 (base 10) to base 9.
6611
Convert -254561 (base 8) to base 10.
-88433
404212031 (base 5) to base 2
110001110011110001101
What is 2021331203 (base 4) in base 14?
109d19
Convert 7c982 (base 13) to base 9.
376572
What is 5253353 (base 6) in base 4?
332201211
Convert 3063211 (base 8) to base 13.
225b9c
Convert 11014020 (base 5) to base 15.
1d1aa
Convert 137268 (base 10) to base 7.
1111125
21000120212 (base 3) to base 13
4aba6
What is 39a98 (base 16) in base 11?
1514a3
-101111111100010110001 (base 2) to base 14
-2cc73b
Convert -50aac6 (base 13) to base 11.
-1074762
Convert 929a81 (base 11) to base 2.
101101100010000110011
What is 168917 (base 10) in base 5?
20401132
What is -827b2 (base 12) in base 9?
-278768
108012 (base 12) to base 4
1000020032
What is 272265 (base 8) in base 3?
11211212211
Convert a06073 (base 15) to base 13.
17678b8
Convert 4861132 (base 9) to base 13.
714b7b
254429 (base 10) to base 7
2106530
184760 (base 10) to base 3
100101102222
Convert -317697 (base 13) to base 15.
-17d5dc
What is 1b54cb (base 13) in base 8?
2521714
Convert 5504043 (base 7) to base 11.
42016a
What is 1599731 (base 12) in base 5?
2113331430
-144104141 (base 5) to base 4
-2323310100
Convert -11401001 (base 7) to base 5.
-224240024
-41435 (base 9) to base 12
-13995
-22222453 (base 7) to base 3
-10121122002211
What is 1099b3 (base 16) in base 12?
445703
What is 34220232 (base 5) in base 9?
513548
What is -2202112221 (base 3) in base 14?
-15b41
1244442 (base 5) to base 4
12012211
Convert 15420132 (base 6) to base 12.
224648
-10044544 (base 7) to base 4
-3023303230
Convert 16507b (base 16) to base 3.
2202022000210
What is -11210321103 (base 4) in base 10?
-1461843
-88733d (base 15) to base 14
-c14570
Convert 3a6356 (base 12) to base 10.
964722
-3632667 (base 8) to base 4
-3303112313
-138738 (base 15) to base 10
-939878
a154a (base 12) to base 8
631712
What is 10101000011001101010110 (base 2) in base 5?
2403040131
-120120010002 (base 3) to base 15
-60b28
Convert 366068 (base 9) to base 2.
110101111100010101
651032 (base 7) to base 16
1ba3d
Convert -111102112221 (base 3) to base 5.
-31424201
What is 33312121 (base 4) in base 11?
4485a
Convert 331211113 (base 4) to base 2.
111101100101010111
What is 22d6b6 (base 16) in base 2?
1000101101011010110110
Convert 54413145 (base 7) to base 2.
10001110001011101101011
What is -329908 (base 12) in base 11?
-4aa749
What is -100001011111100100101001 (base 2) in base 12?
-2b35089
What is -113331300 (base 5) in base 11?
-32aaaa
13035311 (base 6) to base 14
b0c43
What is 21002102222 (base 3) in base 12?
68922
-16710438 (base 9) to base 7
-131221055
Convert 344700 (base 8) to base 9.
187664
26444d (base 16) to base 5
1120222403
What is 11928a (base 12) in base 9?
474577
Convert -33431021 (base 6) to base 7.
-11425114
Convert -42406521 (base 7) to base 9.
-6684826
Convert -1820a40 (base 11) to base 6.
-150123521
Convert -59e755 (base 16) to base 5.
-3002020200
What is -24bd8 (base 16) in base 4?
-210233120
What is 5532885 (base 10) in base 12?
1a29a99
345124 (base 9) to base 7
1521622
4297612 (base 10) to base 2
10000011001001110001100
What is 147680 (base 9) in base 14?
2520a
2084e (base 16) to base 6
2504354
Convert 55202656 (base 7) to base 8.
22052763
124340221 (base 5) to base 8
2275377
Convert 3311555 (base 7) to base 12.
177225
What is 3665362 (base 7) in base 16?
72c55
What is -345b (base 14) in base 16?
-2389
14456413 (base 8) to base 2
1100100101110100001011
Convert -131255455 (base 6) to base 7.
-31003121
What is 1000000111010111101 (base 2) in base 7?
2155161
-100311240 (base 5) to base 16
-61db4
What is -e14e0 (base 16) in base 3?
-1201212220120
What is 673a (base 13) in base 16?
384e
What is -3431204 (base 5) in base 9?
-103234
What is 12641216 (base 7) in base 12?
484b25
What is 1456432 (base 8) in base 15?
83885
What is 1966c (base 14) in base 8?
175600
-24363355 (base 8) to base 10
-5367533
-1132180 (base 10) to base 11
-703695
What is 31130313031 (base 4) in base 8?
15346715
3612310 (base 7) to base 3
212012221001
What is 21211040 (base 5) in base 14?
492a3
What is -3034404 (base 7) in base 12?
-1553b6
33132114 (base 5) to base 9
476041
Convert 32223332330 (base 4) to base 16.
3abfbc
Convert 460001 (base 7) to base 15.
192c5
Convert 1058a2 (base 11) to base 13.
5ba97
Convert 5258bd (base 15) to base 11.
223597a
What is -a10638 (base 12) in base 6?
-125444112
What is -20323434 (base 5) in base 4?
-220313021
What is -644360 (base 9) in base 15?
-78a86
Convert -43253332 (base 6) to base 11.
-7a6638
1143141512 (base 6) to base 8
61551764
Convert -1448c5 (base 14) to base 16.
-abecd
Convert 240271 (base 9) to base 5.
14111233
-10120010323 (base 